{"version":"1.0","provider_name":"Siete Estrellas","provider_url":"https:\/\/www.sieteestrellasbcn.com\/fr","author_name":"Admin2022","author_url":"https:\/\/www.sieteestrellasbcn.com\/fr\/author\/admin2022","title":"Luksusowa willa w Caldes d\u00b4Estrac, Costa Brava","type":"rich","width":600,"height":338,"html":"<blockquote class=\"wp-embedded-content\" data-secret=\"P1zO5HdU9r\"><a href=\"https:\/\/www.sieteestrellasbcn.com\/fr\/property\/luksusowa-willa-w-caldes-destrac-costa-brava\">Luksusowa willa w Caldes d\u00b4Estrac, Costa Brava<\/a><\/blockquote><iframe sandbox=\"allow-scripts\" security=\"restricted\" src=\"https:\/\/www.sieteestrellasbcn.com\/fr\/property\/luksusowa-willa-w-caldes-destrac-costa-brava\/embed#?secret=P1zO5HdU9r\" width=\"600\" height=\"338\" title=\"\u00ab\u00a0Luksusowa willa w Caldes d\u00b4Estrac, Costa Brava\u00a0\u00bb &#8212; Siete Estrellas\" data-secret=\"P1zO5HdU9r\" frameborder=\"0\" marginwidth=\"0\" marginheight=\"0\" scrolling=\"no\" class=\"wp-embedded-content\"><\/iframe><script>\n\/*! This file is auto-generated *\/\n!function(d,l){\"use strict\";l.querySelector&&d.addEventListener&&\"undefined\"!=typeof URL&&(d.wp=d.wp||{},d.wp.receiveEmbedMessage||(d.wp.receiveEmbedMessage=function(e){var t=e.data;if((t||t.secret||t.message||t.value)&&!\/[^a-zA-Z0-9]\/.test(t.secret)){for(var s,r,n,a=l.querySelectorAll('iframe[data-secret=\"'+t.secret+'\"]'),o=l.querySelectorAll('blockquote[data-secret=\"'+t.secret+'\"]'),c=new RegExp(\"^https?:$\",\"i\"),i=0;i<o.length;i++)o[i].style.display=\"none\";for(i=0;i<a.length;i++)s=a[i],e.source===s.contentWindow&&(s.removeAttribute(\"style\"),\"height\"===t.message?(1e3<(r=parseInt(t.value,10))?r=1e3:~~r<200&&(r=200),s.height=r):\"link\"===t.message&&(r=new URL(s.getAttribute(\"src\")),n=new URL(t.value),c.test(n.protocol))&&n.host===r.host&&l.activeElement===s&&(d.top.location.href=t.value))}},d.addEventListener(\"message\",d.wp.receiveEmbedMessage,!1),l.addEventListener(\"DOMContentLoaded\",function(){for(var e,t,s=l.querySelectorAll(\"iframe.wp-embedded-content\"),r=0;r<s.length;r++)(t=(e=s[r]).getAttribute(\"data-secret\"))||(t=Math.random().toString(36).substring(2,12),e.src+=\"#?secret=\"+t,e.setAttribute(\"data-secret\",t)),e.contentWindow.postMessage({message:\"ready\",secret:t},\"*\")},!1)))}(window,document);\n\/\/# sourceURL=https:\/\/www.sieteestrellasbcn.com\/wp-includes\/js\/wp-embed.min.js\n<\/script>","thumbnail_url":"https:\/\/www.sieteestrellasbcn.com\/wp-content\/uploads\/2023\/07\/36902-1-4550331.jpg.webp","thumbnail_width":1024,"thumbnail_height":474,"description":"Inwestycja po\u0142o\u017cona w Caldes D&#8217;Estrac, kt\u00f3ra dominuje w krajobrazie, w kt\u00f3rym si\u0119 znajduje, ze spektakularnymi widokami na wybrze\u017ce Morza \u015ar\u00f3dziemnego, zaledwie 500 metr\u00f3w od pla\u017c. Jej dost\u0119pno\u015b\u0107 do Barcelony, oddalonej o mniej ni\u017c 25 minut, sprawia, \u017ce \u200b\u200bwilla jest sta\u0142\u0105 alternatyw\u0105 mieszkaln\u0105, a nie tylko wakacyjn\u0105. Gara\u017c na 6 samochod\u00f3w. Jego architektura i wystr\u00f3j wn\u0119trz, [&hellip;]"}

Inwestycja położona w Caldes D&#8217;Estrac, która dominuje w krajobrazie, w którym się znajduje, ze spektakularnymi widokami na wybrzeże Morza Śródziemnego, zaledwie 500 metrów od plaż. Jej dostępność do Barcelony, oddalonej o mniej niż 25 minut, sprawia, że ​​willa jest stałą alternatywą mieszkalną, a nie tylko wakacyjną. Garaż na 6 samochodów. Jego architektura i wystrój wnętrz, [&hellip;]
